09, 599
What are the prime factors of 3167659?
11, 47, 557
List the prime factors of 7617306.
2, 3, 71, 17881
What are the prime factors of 115549?
7, 17, 971
What are the prime factors of 6658656?
2, 3, 139, 499
List the prime factors of 842542.
2, 43, 97, 101
List the prime factors of 40634.
2, 11, 1847
What are the prime factors of 108646?
2, 54323
What are the prime factors of 12865868?
2, 31, 3347
What are the prime factors of 1958134?
2, 43, 22769
What are the prime factors of 1831007?
23, 79609
What are the prime factors of 330106?
2, 7, 17, 19, 73
List the prime factors of 1368507.
3, 7, 65167
What are the prime factors of 3003682?
2, 11, 136531
What are the prime factors of 1976873?
23, 37, 101
List the prime factors of 13626507.
3, 421, 10789
List the prime factors of 907255.
5, 421, 431
What are the prime factors of 1136127?
3, 17, 22277
What are the prime factors of 2599182?
2, 3, 127, 379
What are the prime factors of 64441?
13, 4957
What are the prime factors of 3623371?
47, 77093
What are the prime factors of 93900?
2, 3, 5, 313
List the prime factors of 115210.
2, 5, 41, 281
What are the prime factors of 5757866?
2, 17, 23, 37, 199
List the prime factors of 18362970.
2, 3, 5, 23, 2957
What are the prime factors of 20008425?
3, 5, 19, 739
List the prime factors of 659674.
2, 193, 1709
List the prime factors of 1976788.
2, 11, 44927
List the prime factors of 1180890.
2, 3, 5, 13121
List the prime factors of 13983600.
2, 3, 5, 43, 271
List the prime factors of 17812811.
3947, 4513
List the prime factors of 637516.
2, 11, 14489
List the prime factors of 338789.
11, 19, 1621
What are the prime factors of 76109?
11, 17, 37
What are the prime factors of 1345514?
2, 672757
List the prime factors of 14885644.
2, 3721411
List the prime factors of 1932535.
5, 11, 41, 857
List the prime factors of 1258158.
2, 3, 11, 1733
What are the prime factors of 3982464?
2, 3, 3457
List the prime factors of 2549559.
3, 37, 103, 223
What are the prime factors of 280743?
3, 93581
What are the prime factors of 92568?
2, 3, 7, 19, 29
What are the prime factors of 10404088?
2, 1300511
List the prime factors of 1257587.
1257587
List the prime factors of 6245136.
2, 3, 31, 1399
List the prime factors of 4968665.
5, 13, 76441
What are the prime factors of 21517157?
43, 311, 1609
List the prime factors of 158353.
13, 937
List the prime factors of 136051.
17, 53, 151
What are the prime factors of 4065653?
4065653
List the prime factors of 1457825.
5, 58313
List the prime factors of 1634862.
2, 3, 272477
What are the prime factors of 1489429?
19, 277, 283
What are the prime factors of 6432549?
3, 2144183
List the prime factors of 16062143.
29, 553867
What are the prime factors of 15736356?
2, 3, 17, 2857
What are the prime factors of 3383752?
2, 422969
List the prime factors of 134217.
3, 1657
List the prime factors of 2068718.
2, 1034359
What are the prime factors of 351489?
3, 117163
List the prime factors of 279443.
279443
List the prime factors of 3093362.
2, 23, 67247
List the prime factors of 244658.
2, 149, 821
List the prime factors of 302789.
29, 53, 197
List the prime factors of 1367494.
2, 683747
What are the prime factors of 7871023?
761, 10343
What are the prime factors of 3910575?
3, 5, 23, 2267
List the prime factors of 488492.
2, 97, 1259
List the prime factors of 147134.
2, 13, 5659
What are the prime factors of 6626983?
11, 602453
List the prime factors of 1538601.
3, 19, 26993
What are the prime factors of 97221?
3, 23, 1409
What are the prime factors of 1800090?
2, 3, 5, 59, 113
What are the prime factors of 16008?
2, 3, 23, 29
List the prime factors of 6851697.
3, 17, 37, 3631
List the prime factors of 986493.
3, 17, 23, 29
List the prime factors of 30765304.
2, 3845663
What are the prime factors of 3366035?
5, 673207
List the prime factors of 79458.
2, 3, 17, 19, 41
List the prime factors of 7901252.
2, 1975313
What are the prime factors of 161932?
2, 40483
What are the prime factors of 690641?
7, 98663
List the prime factors of 48943.
17, 2879
List the prime factors of 1415076.
2, 3, 13, 47, 193
List the prime factors of 20289800.
2, 5, 101449
List the prime factors of 5107494.
2, 3, 7, 121607
What are the prime factors of 136439?
19, 43, 167
What are the prime factors of 25680551?
13, 1975427
What are the prime factors of 1016366?
2, 13, 31, 97
List the prime factors of 936892.
2, 11, 107, 199
List the prime factors of 2433558.
2, 3, 19, 21347
What are the prime factors of 3582243?
3, 7, 8123
What are the prime factors of 868595?
5, 7, 13, 23, 83
List the prime factors of 9438927.
3, 17, 185077
List the prime factors of 392488.
2, 71, 691
What are the prime factors of 126932?
2, 13, 2441
List the prime factors of 276194.
2, 197, 701
List the prime factors of 12887566.
2, 73, 103, 857
What are the prime factors of 5013107?
11, 455737
What are the prime factors of 500137?
11, 19, 2393
List the prime factors of 2272369.
11, 167, 1237
List the prime factors of 196026.
2, 3, 37, 883
What are the prime factors of 8265046?
2, 113, 36571
What are the prime factors of 326292?
2, 3, 27191
What are the prime factors of 492330?
2, 3, 5, 16411
List the prime factors of 37922520.
2, 3, 5, 71, 4451
List the prime factors of 226814.
2, 7, 17, 953
What are the prime factors of 714087?
3, 11, 7213
List the prime factors of 1502469.
3, 229
What are the prime factors of 2173059?
3, 7, 17, 2029
List the prime factors of 192499.
192499
List the prime factors of 378825.
3, 5, 5051
List the prime factors of 913318.
2, 7, 89, 733
List the prime factors of 342525.
3, 5, 4567
List the prime factors of 1903672.
2, 237959
What are the prime factors of 226325?
5, 11, 823
What are the prime factors of 11296249?
11296249
List the prime factors of 11024339.
11024339
List the prime factors of 136265.
5, 27253
What are the prime factors of 35286?
2, 3, 5881
What are the prime factors of 254958?
2, 3, 11, 3863
What are the prime factors of 242399?
242399
List the prime factors of 5234245.
5, 1046849
List the prime factors of 6071221.
13, 467017
What are the prime factors of 3012131?
3012131
List the prime factors of 339507.
3, 7, 17, 317
List the prime factors of 1522716.
2, 3, 13, 43, 227
List the prime factors of 1437803.
173, 8311
What are the prime factors of 1534547?
7, 257, 853
What are the prime factors of 3503640?
2, 3, 5, 7, 43, 97
List the prime factors of 788933.
788933
List the prime factors of 130154.
2, 59, 1103
List the prime factors of 6820183.
19, 433, 829
What are the prime factors of 25205868?
2, 3, 89, 7867
List the prime factors of 87926.
2, 43963
What are the prime factors of 27372?
2, 3, 2281
List the prime factors of 121691.
73, 1667
List the prime factors of 4967.
4967
List the prime factors of 1278598.
2, 639299
What are the prime factors of 2152014?
2, 3, 358669
List the prime factors of 5854192.
2, 43, 67, 127
List the prime factors of 37618132.
2, 397, 23689
What are the prime factors of 25939302?
2, 3, 4323217
List the prime factors of 205523.
19, 29, 373
List the prime factors of 24461921.
11, 37, 60103
What are the prime factors of 1375926?
2, 3, 229321
What are the prime factors of 3144702?
2, 3, 11, 29, 31, 53
List the prime factors of 254921.
227, 1123
List the prime factors of 1907275.
5, 23, 31, 107
What are the prime factors of 2535372?
2, 3, 7, 10061
What are the prime factors of 4707472?
2, 7, 11, 3821
What are the prime factors of 42624?
2, 3, 37
List the prime factors of 103740.
2, 3, 5, 7, 13, 19
List the prime factors of 1224542.
2, 11, 55661
What are the prime factors of 505727?
505727
What are the prime factors of 89877?
3, 29959
List the prime factors of 8678523.
3, 7, 413263
List the prime factors of 7553108.
2, 19, 23, 29, 149
List the prime factors of 143481.
3, 13, 283
What are the prime factors of 75867?
3, 11, 19
List the prime factors of 22118546.
2, 19, 582067
List the prime factors of 753548.
2, 31, 59, 103
List the prime factors of 447494.
2, 223747
What are the prime factors of 3608?
2, 11, 41
What are the prime factors of 407439?
3, 17, 2663
What are the prime factors of 27629206?
2, 11, 83, 15131
List the prime factors of 74247.
3, 24749
List the prime factors of 19356839.
19, 449, 2269
What are the prime fact